{"id":1255,"date":"2016-12-02T16:48:06","date_gmt":"2016-12-02T15:48:06","guid":{"rendered":"http:\/\/emotionsfotografin.com\/wordpress\/?page_id=1255"},"modified":"2018-03-20T14:15:03","modified_gmt":"2018-03-20T13:15:03","slug":"haeufige-fragen","status":"publish","type":"page","link":"https:\/\/www.die-emotionsfotografin.com\/wordpress\/haeufige-fragen\/","title":{"rendered":"H\u00e4ufige Fragen"},"content":{"rendered":"<p><div class=\"fusion-fullwidth fullwidth-box fusion-builder-row-1 nonhundred-percent-fullwidth non-hundred-percent-height-scrolling\" style=\"--awb-border-radius-top-left:0px;--awb-border-radius-top-right:0px;--awb-border-radius-bottom-right:0px;--awb-border-radius-bottom-left:0px;--awb-padding-top:100px;--awb-padding-bottom:100px;--awb-background-color:#ee7508;--awb-flex-wrap:wrap;\" ><div class=\"fusion-builder-row fusion-row\"><div class=\"fusion-layout-column fusion_builder_column fusion-builder-column-0 fusion_builder_column_1_1 1_1 fusion-one-full fusion-column-first fusion-column-last\" style=\"--awb-bg-size:cover;\"><div class=\"fusion-column-wrapper fusion-flex-column-wrapper-legacy\"><div class=\"fusion-title title fusion-title-1 fusion-sep-none fusion-title-text fusion-title-size-two\"><h2 class=\"fusion-title-heading title-heading-left fusion-responsive-typography-calculated\" style=\"margin:0;--fontSize:35;line-height:1.28;\"><p style=\"text-align: center;\">H\u00c4UFIGE FRAGEN<\/p><\/h2><\/div><div class=\"fusion-text fusion-text-1\"><p style=\"text-align: center;\">Hier finden Sie Antworten auf Fragen, die mir oft gestellt werden:<\/p>\n<\/div><div class=\"fusion-clearfix\"><\/div><\/div><\/div><\/div><\/div><div class=\"fusion-fullwidth fullwidth-box fusion-builder-row-2 nonhundred-percent-fullwidth non-hundred-percent-height-scrolling\" style=\"--awb-border-radius-top-left:0px;--awb-border-radius-top-right:0px;--awb-border-radius-bottom-right:0px;--awb-border-radius-bottom-left:0px;--awb-padding-top:20px;--awb-padding-bottom:20px;--awb-margin-top:50px;--awb-flex-wrap:wrap;\" ><div class=\"fusion-builder-row fusion-row\"><div class=\"fusion-layout-column fusion_builder_column fusion-builder-column-1 fusion_builder_column_1_1 1_1 fusion-one-full fusion-column-first fusion-column-last\" style=\"--awb-bg-size:cover;\"><div class=\"fusion-column-wrapper fusion-flex-column-wrapper-legacy\"><div class=\"accordian fusion-accordian\" style=\"--awb-border-size:1px;--awb-icon-size:13px;--awb-content-font-size:15px;--awb-icon-alignment:left;--awb-hover-color:#f9f9f9;--awb-border-color:#cccccc;--awb-background-color:#ffffff;--awb-divider-color:#e0dede;--awb-divider-hover-color:#e0dede;--awb-icon-color:#ffffff;--awb-title-color:#ffffff;--awb-content-color:#ffffff;--awb-icon-box-color:#ee7508;--awb-toggle-hover-accent-color:#ffffff;--awb-title-font-family:&quot;Raleway&quot;;--awb-title-font-weight:700;--awb-title-font-style:normal;--awb-title-font-size:15px;--awb-title-letter-spacing:0px;--awb-title-line-height:1.67;--awb-content-font-family:&quot;Raleway&quot;;--awb-content-font-style:normal;--awb-content-font-weight:400;\"><div class=\"panel-group fusion-toggle-icon-boxed\" id=\"accordion-1255-1\"><div class=\"fusion-panel panel-default panel-a8d431c56770e930d fusion-toggle-no-divider\"><div class=\"panel-heading\"><h4 class=\"panel-title toggle\" id=\"toggle_a8d431c56770e930d\"><a aria-expanded=\"false\" aria-controls=\"a8d431c56770e930d\" role=\"button\" data-toggle=\"collapse\" data-parent=\"#accordion-1255-1\" data-target=\"#a8d431c56770e930d\" href=\"#a8d431c56770e930d\"><span class=\"fusion-toggle-icon-wrapper\" aria-hidden=\"true\"><i class=\"fa-fusion-box active-icon awb-icon-minus\" aria-hidden=\"true\"><\/i><i class=\"fa-fusion-box inactive-icon awb-icon-plus\" aria-hidden=\"true\"><\/i><\/span><span class=\"fusion-toggle-heading\">Ich f\u00fchle mich unfotogen und bin vor der Kamera furchtbar gehemmt. Wie schaffen Sie es, mir diese Scheu vor der Kamera zu nehmen?<\/span><\/a><\/h4><\/div><div id=\"a8d431c56770e930d\" class=\"panel-collapse collapse \" aria-labelledby=\"toggle_a8d431c56770e930d\"><div class=\"panel-body toggle-content fusion-clearfix\">\n<p>Ich nehme mir viel Zeit f\u00fcr Sie und Ihre Bed\u00fcrfnisse. Vor der eigentlichen Fotosession steht ein ausf\u00fchrliches Beratungs- und Kennenlerngespr\u00e4ch. Dies hilft Ihnen, die erste Scheu abzubauen und Vertrauen zu mir zu fassen. Gemeinsam suchen wir f\u00fcr die Fotosession eine Location aus, in der Sie sich wohlf\u00fchlen. Auch w\u00e4hrend der Aufnahmen ist es mir wichtig, f\u00fcr Sie eine ungezwungene Wohlf\u00fchlatmosph\u00e4re zu erschaffen &#8211; ohne viel technisches Drumherum. Sie k\u00f6nnen sich bewegen, wie es Ihnen angenehmem ist und wie es Ihrem Naturell entspricht. Gek\u00fcnstelte Posen gibt es bei mir nicht. Sie werden sehen: Nach kurzer Zeit werden Sie meine Kamera gar nicht mehr wahrnehmen. Fotografiert zu werden kann richtig Spa\u00df machen &#8211; das werden Sie bald merken.<\/p>\n<\/div><\/div><\/div><div class=\"fusion-panel panel-default panel-a823ee65d707d5b05 fusion-toggle-no-divider\"><div class=\"panel-heading\"><h4 class=\"panel-title toggle\" id=\"toggle_a823ee65d707d5b05\"><a aria-expanded=\"false\" aria-controls=\"a823ee65d707d5b05\" role=\"button\" data-toggle=\"collapse\" data-parent=\"#accordion-1255-1\" data-target=\"#a823ee65d707d5b05\" href=\"#a823ee65d707d5b05\"><span class=\"fusion-toggle-icon-wrapper\" aria-hidden=\"true\"><i class=\"fa-fusion-box active-icon awb-icon-minus\" aria-hidden=\"true\"><\/i><i class=\"fa-fusion-box inactive-icon awb-icon-plus\" aria-hidden=\"true\"><\/i><\/span><span class=\"fusion-toggle-heading\">Wozu brauche ich \u00fcberhaupt ein professionelles Foto f\u00fcr meine Website? Reicht ein Selfie nicht auch?<\/span><\/a><\/h4><\/div><div id=\"a823ee65d707d5b05\" class=\"panel-collapse collapse \" aria-labelledby=\"toggle_a823ee65d707d5b05\"><div class=\"panel-body toggle-content fusion-clearfix\">\n<p>Unser Angebot ist austauschbar, unsere Pers\u00f6nlichkeit ist es nicht. Zeigen Sie Ihre Besonderheit auch durch Ihr Businessfoto und heben Sie sich damit positiv von Ihren Mitbewerbern ab. Ein professionelles Foto demonstriert Ihre eigene Professionalit\u00e4t und vermittelt Vertrauensw\u00fcrdigkeit. Zeigen Sie mit einem nat\u00fcrlich wirkenden, authentischen Foto, dass Sie ein seri\u00f6ser und kompetenter Partner sind &#8211; ganz ohne Worte.<\/p>\n<\/div><\/div><\/div><div class=\"fusion-panel panel-default panel-dcb7981da53461355 fusion-toggle-no-divider\"><div class=\"panel-heading\"><h4 class=\"panel-title toggle\" id=\"toggle_dcb7981da53461355\"><a aria-expanded=\"false\" aria-controls=\"dcb7981da53461355\" role=\"button\" data-toggle=\"collapse\" data-parent=\"#accordion-1255-1\" data-target=\"#dcb7981da53461355\" href=\"#dcb7981da53461355\"><span class=\"fusion-toggle-icon-wrapper\" aria-hidden=\"true\"><i class=\"fa-fusion-box active-icon awb-icon-minus\" aria-hidden=\"true\"><\/i><i class=\"fa-fusion-box inactive-icon awb-icon-plus\" aria-hidden=\"true\"><\/i><\/span><span class=\"fusion-toggle-heading\">Was ziehe ich zu einer Fotosession an?<\/span><\/a><\/h4><\/div><div id=\"dcb7981da53461355\" class=\"panel-collapse collapse \" aria-labelledby=\"toggle_dcb7981da53461355\"><div class=\"panel-body toggle-content fusion-clearfix\">\n<p>Auf diese Frage gehe ich in unserem Vorgespr\u00e4ch ausf\u00fchrlich ein. Wichtig ist vor allem, dass Sie sich in der ausgew\u00e4hlten Kleidung wohl f\u00fchlen. Farbe und Schnitt sollen Ihnen und Ihrer Figur schmeicheln.<br \/>\nF\u00fcr private Fotos darf es auch mal verr\u00fcckt und schrill sein. Allerdings bin ich der Ansicht, dass die Kleidung nicht von Ihrer Person ablenken, sondern Ihre Pers\u00f6nlichkeit unterst\u00fctzen soll.<br \/>\nBei Businessfotos w\u00e4hlen Sie die Kleidung, die Sie auch tragen, wenn Sie Ihren Kunden begegnen. Auch hier sollten Farbe, Muster und Schnitt Ihren Typ positiv unterstreichen.<br \/>\nDer Fokus der Bilder liegt immer auf dem Gesicht. Daher sollten starke Muster und grelle Farben vermieden werden. Problematisch sind auch feine Streifenmuster oder Karos. Sie k\u00f6nnen auf digitalen Fotos einen unsch\u00f6nen Moir\u00e9-Effekt hervorrufen.<br \/>\nBei unserer Fotosession sollten Sie immer von Kopf bis Fu\u00df passend gekleidet sein. Das erlaubt mir, auch Ganzk\u00f6rperaufnahmen zu machen.<\/p>\n<\/div><\/div><\/div><div class=\"fusion-panel panel-default panel-1bdabef5ef75d613e fusion-toggle-no-divider\"><div class=\"panel-heading\"><h4 class=\"panel-title toggle\" id=\"toggle_1bdabef5ef75d613e\"><a aria-expanded=\"false\" aria-controls=\"1bdabef5ef75d613e\" role=\"button\" data-toggle=\"collapse\" data-parent=\"#accordion-1255-1\" data-target=\"#1bdabef5ef75d613e\" href=\"#1bdabef5ef75d613e\"><span class=\"fusion-toggle-icon-wrapper\" aria-hidden=\"true\"><i class=\"fa-fusion-box active-icon awb-icon-minus\" aria-hidden=\"true\"><\/i><i class=\"fa-fusion-box inactive-icon awb-icon-plus\" aria-hidden=\"true\"><\/i><\/span><span class=\"fusion-toggle-heading\">Muss ich vor den Fotoaufnahmen zur Visagistin oder kann ich mich selbst schminken?<\/span><\/a><\/h4><\/div><div id=\"1bdabef5ef75d613e\" class=\"panel-collapse collapse \" aria-labelledby=\"toggle_1bdabef5ef75d613e\"><div class=\"panel-body toggle-content fusion-clearfix\">\n<p>Ihr Make-up soll Ihrem Typ entsprechen und Sie so erscheinen lassen, wie es Ihrem t\u00e4glichen Auftritt entspricht. Gerne k\u00f6nnen Sie vor dem Fotoshooting Ihr Make-up selbst auftragen, wenn Sie darin ge\u00fcbt sind. F\u00fcr die Kamera darf es etwas st\u00e4rker ausfallen als sonst. Wichtig ist, dass Sie Augen und eventuell auch Mund betonen und Ihr Teint gleichm\u00e4\u00dfig und matt erscheint. Sollten Sie keine Erfahrung mit Make-up haben oder unter Hautproblemen leiden, empfehle ich Ihnen gerne meine kompetenten Partner im Bereich Make-up und Haare.<\/p>\n<\/div><\/div><\/div><div class=\"fusion-panel panel-default panel-11afcb6e5411e8922 fusion-toggle-no-divider\"><div class=\"panel-heading\"><h4 class=\"panel-title toggle\" id=\"toggle_11afcb6e5411e8922\"><a aria-expanded=\"false\" aria-controls=\"11afcb6e5411e8922\" role=\"button\" data-toggle=\"collapse\" data-parent=\"#accordion-1255-1\" data-target=\"#11afcb6e5411e8922\" href=\"#11afcb6e5411e8922\"><span class=\"fusion-toggle-icon-wrapper\" aria-hidden=\"true\"><i class=\"fa-fusion-box active-icon awb-icon-minus\" aria-hidden=\"true\"><\/i><i class=\"fa-fusion-box inactive-icon awb-icon-plus\" aria-hidden=\"true\"><\/i><\/span><span class=\"fusion-toggle-heading\">Wie werden die Fotos anschlie\u00dfend bearbeitet?<\/span><\/a><\/h4><\/div><div id=\"11afcb6e5411e8922\" class=\"panel-collapse collapse \" aria-labelledby=\"toggle_11afcb6e5411e8922\"><div class=\"panel-body toggle-content fusion-clearfix\">\n<p>Pers\u00f6nlichkeit statt Photoshop ist meine Devise. Bei der digitalen Nachbearbeitung Ihrer Fotos optimiere ich nur \u00e4u\u00dferst behutsam, damit Ihre einzigartige Pers\u00f6nlichkeit auf jeden Fall erhalten bleibt. Hautunreinheiten d\u00fcrfen verschwinden. Augenringe helle ich sanft auf, F\u00e4ltchen werden etwas gemildert, aber keinesfalls ausgemerzt. Fotos, auf denen alle Menschen seltsam puppenhaft aussehen, bekommen Sie bei mir nicht.<br \/>\nZu stark retuschierte Bilder wirken k\u00fcnstlich statt \u00fcberzeugend. Ich m\u00f6chte, dass Sie sich auf Ihren Lieblingsbildern wiederfinden und voller \u00dcberzeugung sagen k\u00f6nnen: &#8222;Ja, das bin ich!&#8220;<\/p>\n<\/div><\/div><\/div><div class=\"fusion-panel panel-default panel-e027942fa0e6e411a fusion-toggle-no-divider\"><div class=\"panel-heading\"><h4 class=\"panel-title toggle\" id=\"toggle_e027942fa0e6e411a\"><a aria-expanded=\"false\" aria-controls=\"e027942fa0e6e411a\" role=\"button\" data-toggle=\"collapse\" data-parent=\"#accordion-1255-1\" data-target=\"#e027942fa0e6e411a\" href=\"#e027942fa0e6e411a\"><span class=\"fusion-toggle-icon-wrapper\" aria-hidden=\"true\"><i class=\"fa-fusion-box active-icon awb-icon-minus\" aria-hidden=\"true\"><\/i><i class=\"fa-fusion-box inactive-icon awb-icon-plus\" aria-hidden=\"true\"><\/i><\/span><span class=\"fusion-toggle-heading\">Bekomme ich die Bilder in digitaler Form und kann ich damit machen, was ich will?<\/span><\/a><\/h4><\/div><div id=\"e027942fa0e6e411a\" class=\"panel-collapse collapse \" aria-labelledby=\"toggle_e027942fa0e6e411a\"><div class=\"panel-body toggle-content fusion-clearfix\">\n<p>Ich bearbeite alle von Ihnen ausgew\u00e4hlten Fotos und \u00fcbermittle Ihnen diese hochaufl\u00f6send auf CD oder digital.<br \/>\nPrivat-Fotos d\u00fcrfen Sie privat nutzen und davon beliebig viele Abz\u00fcge machen. Fotos f\u00fcr den Business-Bereich (z. B. f\u00fcr Ihre Website, f\u00fcr Flyer oder Social Media-Profile) d\u00fcrfen Sie nur mit den zugeh\u00f6rigen Ver\u00f6ffentlichungsrechten nutzen. In den Kosten f\u00fcr die Businessfoto-Formate sind diese Rechte bereits enthalten, weshalb sie auch teurer als die Foto-Formate f\u00fcr den privaten Gebrauch sind.<\/p>\n<\/div><\/div><\/div><\/div><\/div><div class=\"fusion-clearfix\"><\/div><\/div><\/div><\/div><\/div><\/p>\n","protected":false},"excerpt":{"rendered":"","protected":false},"author":1,"featured_media":0,"parent":0,"menu_order":0,"comment_status":"closed","ping_status":"closed","template":"100-width.php","meta":{"sfsi_plus_gutenberg_text_before_share":"","sfsi_plus_gutenberg_show_text_before_share":"","sfsi_plus_gutenberg_icon_type":"","sfsi_plus_gutenberg_icon_alignemt":"","sfsi_plus_gutenburg_max_per_row":"","ngg_post_thumbnail":0,"footnotes":""},"class_list":["post-1255","page","type-page","status-publish","hentry"],"yoast_head":"<!-- This site is optimized with the Yoast SEO plugin v25.2 - https:\/\/yoast.com\/wordpress\/plugins\/seo\/ -->\n<title>H\u00e4ufige Fragen - Die Emotionsfotografin<\/title>\n<meta name=\"robots\" content=\"index, follow, max-snippet:-1, max-image-preview:large, max-video-preview:-1\" \/>\n<link rel=\"canonical\" href=\"https:\/\/www.die-emotionsfotografin.com\/wordpress\/haeufige-fragen\/\" \/>\n<meta property=\"og:locale\" content=\"de_DE\" \/>\n<meta property=\"og:type\" content=\"article\" \/>\n<meta property=\"og:title\" content=\"H\u00e4ufige Fragen - Die Emotionsfotografin\" \/>\n<meta property=\"og:url\" content=\"https:\/\/www.die-emotionsfotografin.com\/wordpress\/haeufige-fragen\/\" \/>\n<meta property=\"og:site_name\" content=\"Die Emotionsfotografin\" \/>\n<meta property=\"article:modified_time\" content=\"2018-03-20T13:15:03+00:00\" \/>\n<meta name=\"twitter:card\" content=\"summary_large_image\" \/>\n<meta name=\"twitter:label1\" content=\"Gesch\u00e4tzte Lesezeit\" \/>\n\t<meta name=\"twitter:data1\" content=\"5\u00a0Minuten\" \/>\n<script type=\"application\/ld+json\" class=\"yoast-schema-graph\">{\"@context\":\"https:\/\/schema.org\",\"@graph\":[{\"@type\":\"WebPage\",\"@id\":\"https:\/\/www.die-emotionsfotografin.com\/wordpress\/haeufige-fragen\/\",\"url\":\"https:\/\/www.die-emotionsfotografin.com\/wordpress\/haeufige-fragen\/\",\"name\":\"H\u00e4ufige Fragen - Die Emotionsfotografin\",\"isPartOf\":{\"@id\":\"https:\/\/www.die-emotionsfotografin.com\/wordpress\/#website\"},\"datePublished\":\"2016-12-02T15:48:06+00:00\",\"dateModified\":\"2018-03-20T13:15:03+00:00\",\"breadcrumb\":{\"@id\":\"https:\/\/www.die-emotionsfotografin.com\/wordpress\/haeufige-fragen\/#breadcrumb\"},\"inLanguage\":\"de\",\"potentialAction\":[{\"@type\":\"ReadAction\",\"target\":[\"https:\/\/www.die-emotionsfotografin.com\/wordpress\/haeufige-fragen\/\"]}]},{\"@type\":\"BreadcrumbList\",\"@id\":\"https:\/\/www.die-emotionsfotografin.com\/wordpress\/haeufige-fragen\/#breadcrumb\",\"itemListElement\":[{\"@type\":\"ListItem\",\"position\":1,\"name\":\"Startseite\",\"item\":\"https:\/\/www.die-emotionsfotografin.com\/wordpress\/\"},{\"@type\":\"ListItem\",\"position\":2,\"name\":\"H\u00e4ufige Fragen\"}]},{\"@type\":\"WebSite\",\"@id\":\"https:\/\/www.die-emotionsfotografin.com\/wordpress\/#website\",\"url\":\"https:\/\/www.die-emotionsfotografin.com\/wordpress\/\",\"name\":\"Die Emotionsfotografin\",\"description\":\"Elisabeth Pfahler-Scharf\",\"potentialAction\":[{\"@type\":\"SearchAction\",\"target\":{\"@type\":\"EntryPoint\",\"urlTemplate\":\"https:\/\/www.die-emotionsfotografin.com\/wordpress\/?s={search_term_string}\"},\"query-input\":{\"@type\":\"PropertyValueSpecification\",\"valueRequired\":true,\"valueName\":\"search_term_string\"}}],\"inLanguage\":\"de\"}]}<\/script>\n<!-- \/ Yoast SEO plugin. -->","yoast_head_json":{"title":"H\u00e4ufige Fragen - Die Emotionsfotografin","robots":{"index":"index","follow":"follow","max-snippet":"max-snippet:-1","max-image-preview":"max-image-preview:large","max-video-preview":"max-video-preview:-1"},"canonical":"https:\/\/www.die-emotionsfotografin.com\/wordpress\/haeufige-fragen\/","og_locale":"de_DE","og_type":"article","og_title":"H\u00e4ufige Fragen - Die Emotionsfotografin","og_url":"https:\/\/www.die-emotionsfotografin.com\/wordpress\/haeufige-fragen\/","og_site_name":"Die Emotionsfotografin","article_modified_time":"2018-03-20T13:15:03+00:00","twitter_card":"summary_large_image","twitter_misc":{"Gesch\u00e4tzte Lesezeit":"5\u00a0Minuten"},"schema":{"@context":"https:\/\/schema.org","@graph":[{"@type":"WebPage","@id":"https:\/\/www.die-emotionsfotografin.com\/wordpress\/haeufige-fragen\/","url":"https:\/\/www.die-emotionsfotografin.com\/wordpress\/haeufige-fragen\/","name":"H\u00e4ufige Fragen - Die Emotionsfotografin","isPartOf":{"@id":"https:\/\/www.die-emotionsfotografin.com\/wordpress\/#website"},"datePublished":"2016-12-02T15:48:06+00:00","dateModified":"2018-03-20T13:15:03+00:00","breadcrumb":{"@id":"https:\/\/www.die-emotionsfotografin.com\/wordpress\/haeufige-fragen\/#breadcrumb"},"inLanguage":"de","potentialAction":[{"@type":"ReadAction","target":["https:\/\/www.die-emotionsfotografin.com\/wordpress\/haeufige-fragen\/"]}]},{"@type":"BreadcrumbList","@id":"https:\/\/www.die-emotionsfotografin.com\/wordpress\/haeufige-fragen\/#breadcrumb","itemListElement":[{"@type":"ListItem","position":1,"name":"Startseite","item":"https:\/\/www.die-emotionsfotografin.com\/wordpress\/"},{"@type":"ListItem","position":2,"name":"H\u00e4ufige Fragen"}]},{"@type":"WebSite","@id":"https:\/\/www.die-emotionsfotografin.com\/wordpress\/#website","url":"https:\/\/www.die-emotionsfotografin.com\/wordpress\/","name":"Die Emotionsfotografin","description":"Elisabeth Pfahler-Scharf","potentialAction":[{"@type":"SearchAction","target":{"@type":"EntryPoint","urlTemplate":"https:\/\/www.die-emotionsfotografin.com\/wordpress\/?s={search_term_string}"},"query-input":{"@type":"PropertyValueSpecification","valueRequired":true,"valueName":"search_term_string"}}],"inLanguage":"de"}]}},"_links":{"self":[{"href":"https:\/\/www.die-emotionsfotografin.com\/wordpress\/wp-json\/wp\/v2\/pages\/1255","targetHints":{"allow":["GET"]}}],"collection":[{"href":"https:\/\/www.die-emotionsfotografin.com\/wordpress\/wp-json\/wp\/v2\/pages"}],"about":[{"href":"https:\/\/www.die-emotionsfotografin.com\/wordpress\/wp-json\/wp\/v2\/types\/page"}],"author":[{"embeddable":true,"href":"https:\/\/www.die-emotionsfotografin.com\/wordpress\/wp-json\/wp\/v2\/users\/1"}],"replies":[{"embeddable":true,"href":"https:\/\/www.die-emotionsfotografin.com\/wordpress\/wp-json\/wp\/v2\/comments?post=1255"}],"version-history":[{"count":10,"href":"https:\/\/www.die-emotionsfotografin.com\/wordpress\/wp-json\/wp\/v2\/pages\/1255\/revisions"}],"predecessor-version":[{"id":1976,"href":"https:\/\/www.die-emotionsfotografin.com\/wordpress\/wp-json\/wp\/v2\/pages\/1255\/revisions\/1976"}],"wp:attachment":[{"href":"https:\/\/www.die-emotionsfotografin.com\/wordpress\/wp-json\/wp\/v2\/media?parent=1255"}],"curies":[{"name":"wp","href":"https:\/\/api.w.org\/{rel}","templated":true}]}}