{"id":894,"date":"2022-05-31T20:13:30","date_gmt":"2022-05-31T18:13:30","guid":{"rendered":"https:\/\/www.die-emotionsfotografin.com\/blog\/?post_type=tribe_events&#038;p=894"},"modified":"2022-07-06T09:04:23","modified_gmt":"2022-07-06T07:04:23","slug":"50-jahre-im-zeichen-der-ringe-auf-den-spuren-des-drachens-vom-olympiaparks","status":"publish","type":"tribe_events","link":"https:\/\/www.die-emotionsfotografin.com\/blog\/termine\/50-jahre-im-zeichen-der-ringe-auf-den-spuren-des-drachens-vom-olympiaparks\/","title":{"rendered":"50 Jahre im Zeichen der Ringe &#8211; auf den Spuren des Drachens vom Olympiaparks"},"content":{"rendered":"<p>Genau vor 50 Jahren, im Sommer 1972, fanden die Olympischen Sommerspiele in M\u00fcnchen statt. Nat\u00fcrlich wird dieses Jubil\u00e4um in der ganzen Stadt geb\u00fchrend gefeiert.<\/p>\n<p>So begeben sich auch die Fotodetektivinnen im Juli auf Entdeckungstour zu meinem absoluten Highlight der damaligen Spielst\u00e4tten. Dem Olympiapark mit seinem Spinnennetz aus Stahl und Acrylglas. Zwischen Olympiastadion und Olympiahalle spannt der olympische Drache seine Fl\u00fcgel aus und nimmt uns mit auf eine wilde, kreative Spurensuche. Bei diesem Fotoimpulsworkshop wollen wir uns der Architektur auf abstrakte Weise n\u00e4hern. Wir entdecken Augen, Fl\u00fcgel von Gestalten mit Schuppenhaut. Komm&#8216; mit auf eine verr\u00fcckte Spurensuche. Verlassen wir die Pfade des allt\u00e4glichen Sehens.<\/p>\n<p>Du wirst erstaunt sein, was in dir und deiner Kamera steckt. Vom besseren Verst\u00e4ndnis der Technik, \u00fcber Kenntnisse in Sachen bewusster Bildgestaltung, abseits von automatischer Bildeinstellung, bis hin zu mehr Spa\u00df am Fotografieren. Deine neuen Bildergebnisse werden dich verbl\u00fcffen! Die individuelle Betreuung sorgt daf\u00fcr, dass du alle deine fotografischen Fragen beantwortet bekommst. Und zwar so, dass Du wirklich alles verstehst. Und der Austausch in der Gruppe macht Riesenspa\u00df.<\/p>\n<p>So , ich bin mir sicher, nun hast du kein Alibi mehr f\u00fcr den 25.07.! Diesmal bist du \u00fcberf\u00fchrt. Deine Investition f\u00fcr die 3 st\u00fcndige Spurensuche sind 70 Euro bei 6 Teilnehmerinnen oder 80 Euro bei 4 Teilnehmerinnen. Bei starkem Regen oder Gewitter wird der Termin verschoben.<\/p>\n<p>Sei neugierig, ich freue mich auf dich. Hier kannst du dich verbindlich <a href=\"https:\/\/www.die-emotionsfotografin.com\/blog\/kontakt\/\">anmelden<\/a>.<\/p>\n<p>&nbsp;<\/p>\n","protected":false},"excerpt":{"rendered":"<p>Genau vor 50 Jahren, im Sommer 1972, fanden die Olympischen Sommerspiele in M\u00fcnchen statt. Nat\u00fcrlich wird dieses Jubil\u00e4um in der ganzen Stadt geb\u00fchrend gefeiert. So begeben sich auch die Fotodetektivinnen [&hellip;]<\/p>\n","protected":false},"author":1,"featured_media":895,"comment_status":"open","ping_status":"closed","template":"","meta":{"_tribe_events_status":"","_tribe_events_status_reason":"","footnotes":""},"tags":[],"tribe_events_cat":[],"class_list":["post-894","tribe_events","type-tribe_events","status-publish","has-post-thumbnail","hentry"],"_links":{"self":[{"href":"https:\/\/www.die-emotionsfotografin.com\/blog\/wp-json\/wp\/v2\/tribe_events\/894"}],"collection":[{"href":"https:\/\/www.die-emotionsfotografin.com\/blog\/wp-json\/wp\/v2\/tribe_events"}],"about":[{"href":"https:\/\/www.die-emotionsfotografin.com\/blog\/wp-json\/wp\/v2\/types\/tribe_events"}],"author":[{"embeddable":true,"href":"https:\/\/www.die-emotionsfotografin.com\/blog\/wp-json\/wp\/v2\/users\/1"}],"replies":[{"embeddable":true,"href":"https:\/\/www.die-emotionsfotografin.com\/blog\/wp-json\/wp\/v2\/comments?post=894"}],"version-history":[{"count":4,"href":"https:\/\/www.die-emotionsfotografin.com\/blog\/wp-json\/wp\/v2\/tribe_events\/894\/revisions"}],"predecessor-version":[{"id":903,"href":"https:\/\/www.die-emotionsfotografin.com\/blog\/wp-json\/wp\/v2\/tribe_events\/894\/revisions\/903"}],"wp:featuredmedia":[{"embeddable":true,"href":"https:\/\/www.die-emotionsfotografin.com\/blog\/wp-json\/wp\/v2\/media\/895"}],"wp:attachment":[{"href":"https:\/\/www.die-emotionsfotografin.com\/blog\/wp-json\/wp\/v2\/media?parent=894"}],"wp:term":[{"taxonomy":"post_tag","embeddable":true,"href":"https:\/\/www.die-emotionsfotografin.com\/blog\/wp-json\/wp\/v2\/tags?post=894"},{"taxonomy":"tribe_events_cat","embeddable":true,"href":"https:\/\/www.die-emotionsfotografin.com\/blog\/wp-json\/wp\/v2\/tribe_events_cat?post=894"}],"curies":[{"name":"wp","href":"https:\/\/api.w.org\/{rel}","templated":true}]}}

<p>Genau vor 50 Jahren, im Sommer 1972, fanden die Olympischen Sommerspiele in München statt. Natürlich wird dieses Jubiläum in der ganzen Stadt gebührend gefeiert.</p>
<p>So begeben sich auch die Fotodetektivinnen im Juli auf Entdeckungstour zu meinem absoluten Highlight der damaligen Spielstätten. Dem Olympiapark mit seinem Spinnennetz aus Stahl und Acrylglas. Zwischen Olympiastadion und Olympiahalle spannt der olympische Drache seine Flügel aus und nimmt uns mit auf eine wilde, kreative Spurensuche. Bei diesem Fotoimpulsworkshop wollen wir uns der Architektur auf abstrakte Weise nähern. Wir entdecken Augen, Flügel von Gestalten mit Schuppenhaut. Komm&#8216; mit auf eine verrückte Spurensuche. Verlassen wir die Pfade des alltäglichen Sehens.</p>
<p>Du wirst erstaunt sein, was in dir und deiner Kamera steckt. Vom besseren Verständnis der Technik, über Kenntnisse in Sachen bewusster Bildgestaltung, abseits von automatischer Bildeinstellung, bis hin zu mehr Spaß am Fotografieren. Deine neuen Bildergebnisse werden dich verblüffen! Die individuelle Betreuung sorgt dafür, dass du alle deine fotografischen Fragen beantwortet bekommst. Und zwar so, dass Du wirklich alles verstehst. Und der Austausch in der Gruppe macht Riesenspaß.</p>
<p>So , ich bin mir sicher, nun hast du kein Alibi mehr für den 25.07.! Diesmal bist du überführt. Deine Investition für die 3 stündige Spurensuche sind 70 Euro bei 6 Teilnehmerinnen oder 80 Euro bei 4 Teilnehmerinnen. Bei starkem Regen oder Gewitter wird der Termin verschoben.</p>
<p>Sei neugierig, ich freue mich auf dich. Hier kannst du dich verbindlich <a href="https://www.die-emotionsfotografin.com/blog/kontakt/">anmelden</a>.</p>
<p>&nbsp;</p>

<p>Genau vor 50 Jahren, im Sommer 1972, fanden die Olympischen Sommerspiele in München statt. Natürlich wird dieses Jubiläum in der ganzen Stadt gebührend gefeiert. So begeben sich auch die Fotodetektivinnen [&hellip;]</p>
