{"id":866,"date":"2020-08-27T11:42:55","date_gmt":"2020-08-27T09:42:55","guid":{"rendered":"https:\/\/www.die-emotionsfotografin.com\/blog\/?post_type=tribe_events&#038;p=866"},"modified":"2020-08-30T14:16:20","modified_gmt":"2020-08-30T12:16:20","slug":"nachts-sind-alle-katzen-grau-naechtlicher-streifzug-zu-den-bunten-lichtern-der-stadt","status":"publish","type":"tribe_events","link":"https:\/\/www.die-emotionsfotografin.com\/blog\/termine\/nachts-sind-alle-katzen-grau-naechtlicher-streifzug-zu-den-bunten-lichtern-der-stadt\/","title":{"rendered":"&#8222;Nachts sind alle Katzen grau?&#8220; &#8211; N\u00e4chtlicher Streifzug zu den bunten Lichtern der Stadt"},"content":{"rendered":"<p><span style=\"font-family: AvantGarde Bk BT;\">Zur Zeit leuchtet M\u00fcnchen nachts besonders sch\u00f6n z.B. am K\u00f6nigsplatz oder Olympiapark, wo die bunten Lichter der Fahrgesch\u00e4fte Farbe in den Himmel zaubern. In diesem Workshop lernst du mit den besonderen Herausforderungen<\/span> <span style=\"font-family: AvantGarde Bk BT;\">von Nachtaufnahmen umzugehen. Wir starten in der D\u00e4mmerung, erleben hoffentlich eine bezaubernde Blaue Stunde und dringen dann motivisch vor in die Dunkelheit der Nacht. Dann werden wir sehen, dass die Nacht keineswegs nur<\/span> <span style=\"font-family: AvantGarde Bk BT;\">grau hervorbringt. F\u00fcr diesen Workshop brauchst du ein Stativ, ein Fernausl\u00f6ser ist von Vorteil, ein Blitz kommt evtl. auch zum Einsatz.<br \/>\n<\/span><\/p>\n<p><span style=\"font-family: AvantGarde Bk BT;\">Du wirst erstaunt sein, was in dir und deiner Kamera steckt. Vom besseren Verst\u00e4ndnis der Technik, \u00fcber Kenntnisse in Sachen bewusster Bildgestaltung, abseits von automatischer Bildeinstellung, bis hin zu mehr Spa\u00df am Fotografieren.<\/span> <span style=\"font-family: AvantGarde Bk BT;\">Deine neuen Bildergebnisse werden dich verbl\u00fcffen!<\/span> <span style=\"font-family: AvantGarde Bk BT;\">Die individuelle Betreuung sorgt daf\u00fcr, dass du alle deine fotografischen Fragen beantwortet bekommst. Und zwar so, dass Du wirklich alles verstehst. Und der Austausch in der Gruppe macht Riesenspa\u00df.<\/span><\/p>\n<p><span style=\"font-family: AvantGarde Bk BT;\">So , ich bin mir sicher, nun hast du kein Alibi mehr f\u00fcr den 02. September von 19.30 bis 22 Uhr. Diesmal bist du \u00fcberf\u00fchrt. Deine Investition f\u00fcr die Teilnahme sind 65 Euro bei 6 Teilnehmerinnen oder 75 Euro bei 4 Teilnehmerinnen. Bei starkem Regen oder Gewitter wird der Termin verschoben. <\/span><\/p>\n<p><span style=\"font-family: AvantGarde Bk BT;\">Sei neugierig, ich freue mich auf dich. Hier kannst du dich verbindlich <a href=\"https:\/\/www.die-emotionsfotografin.com\/blog\/kontakt\/\">anmelden<\/a>.<br \/>\n<\/span><\/p>\n","protected":false},"excerpt":{"rendered":"<p>Zur Zeit leuchtet M\u00fcnchen nachts besonders sch\u00f6n z.B. am K\u00f6nigsplatz oder Olympiapark, wo die bunten Lichter der Fahrgesch\u00e4fte Farbe in den Himmel zaubern. In diesem Workshop lernst du mit den [&hellip;]<\/p>\n","protected":false},"author":1,"featured_media":867,"comment_status":"closed","ping_status":"closed","template":"","meta":{"_tribe_events_status":"","_tribe_events_status_reason":"","footnotes":""},"tags":[],"tribe_events_cat":[],"class_list":["post-866","tribe_events","type-tribe_events","status-publish","has-post-thumbnail","hentry"],"_links":{"self":[{"href":"https:\/\/www.die-emotionsfotografin.com\/blog\/wp-json\/wp\/v2\/tribe_events\/866"}],"collection":[{"href":"https:\/\/www.die-emotionsfotografin.com\/blog\/wp-json\/wp\/v2\/tribe_events"}],"about":[{"href":"https:\/\/www.die-emotionsfotografin.com\/blog\/wp-json\/wp\/v2\/types\/tribe_events"}],"author":[{"embeddable":true,"href":"https:\/\/www.die-emotionsfotografin.com\/blog\/wp-json\/wp\/v2\/users\/1"}],"replies":[{"embeddable":true,"href":"https:\/\/www.die-emotionsfotografin.com\/blog\/wp-json\/wp\/v2\/comments?post=866"}],"version-history":[{"count":5,"href":"https:\/\/www.die-emotionsfotografin.com\/blog\/wp-json\/wp\/v2\/tribe_events\/866\/revisions"}],"predecessor-version":[{"id":875,"href":"https:\/\/www.die-emotionsfotografin.com\/blog\/wp-json\/wp\/v2\/tribe_events\/866\/revisions\/875"}],"wp:featuredmedia":[{"embeddable":true,"href":"https:\/\/www.die-emotionsfotografin.com\/blog\/wp-json\/wp\/v2\/media\/867"}],"wp:attachment":[{"href":"https:\/\/www.die-emotionsfotografin.com\/blog\/wp-json\/wp\/v2\/media?parent=866"}],"wp:term":[{"taxonomy":"post_tag","embeddable":true,"href":"https:\/\/www.die-emotionsfotografin.com\/blog\/wp-json\/wp\/v2\/tags?post=866"},{"taxonomy":"tribe_events_cat","embeddable":true,"href":"https:\/\/www.die-emotionsfotografin.com\/blog\/wp-json\/wp\/v2\/tribe_events_cat?post=866"}],"curies":[{"name":"wp","href":"https:\/\/api.w.org\/{rel}","templated":true}]}}

&#8222;Nachts sind alle Katzen grau?&#8220; &#8211; Nächtlicher Streifzug zu den bunten Lichtern der Stadt

<p><span style="font-family: AvantGarde Bk BT;">Zur Zeit leuchtet München nachts besonders schön z.B. am Königsplatz oder Olympiapark, wo die bunten Lichter der Fahrgeschäfte Farbe in den Himmel zaubern. In diesem Workshop lernst du mit den besonderen Herausforderungen</span> <span style="font-family: AvantGarde Bk BT;">von Nachtaufnahmen umzugehen. Wir starten in der Dämmerung, erleben hoffentlich eine bezaubernde Blaue Stunde und dringen dann motivisch vor in die Dunkelheit der Nacht. Dann werden wir sehen, dass die Nacht keineswegs nur</span> <span style="font-family: AvantGarde Bk BT;">grau hervorbringt. Für diesen Workshop brauchst du ein Stativ, ein Fernauslöser ist von Vorteil, ein Blitz kommt evtl. auch zum Einsatz.<br />
</span></p>
<p><span style="font-family: AvantGarde Bk BT;">Du wirst erstaunt sein, was in dir und deiner Kamera steckt. Vom besseren Verständnis der Technik, über Kenntnisse in Sachen bewusster Bildgestaltung, abseits von automatischer Bildeinstellung, bis hin zu mehr Spaß am Fotografieren.</span> <span style="font-family: AvantGarde Bk BT;">Deine neuen Bildergebnisse werden dich verblüffen!</span> <span style="font-family: AvantGarde Bk BT;">Die individuelle Betreuung sorgt dafür, dass du alle deine fotografischen Fragen beantwortet bekommst. Und zwar so, dass Du wirklich alles verstehst. Und der Austausch in der Gruppe macht Riesenspaß.</span></p>
<p><span style="font-family: AvantGarde Bk BT;">So , ich bin mir sicher, nun hast du kein Alibi mehr für den 02. September von 19.30 bis 22 Uhr. Diesmal bist du überführt. Deine Investition für die Teilnahme sind 65 Euro bei 6 Teilnehmerinnen oder 75 Euro bei 4 Teilnehmerinnen. Bei starkem Regen oder Gewitter wird der Termin verschoben. </span></p>
<p><span style="font-family: AvantGarde Bk BT;">Sei neugierig, ich freue mich auf dich. Hier kannst du dich verbindlich <a href="https://www.die-emotionsfotografin.com/blog/kontakt/">anmelden</a>.<br />
</span></p>

<p>Zur Zeit leuchtet München nachts besonders schön z.B. am Königsplatz oder Olympiapark, wo die bunten Lichter der Fahrgeschäfte Farbe in den Himmel zaubern. In diesem Workshop lernst du mit den [&hellip;]</p>
