{"id":112,"date":"2015-07-16T16:09:03","date_gmt":"2015-07-16T14:09:03","guid":{"rendered":"http:\/\/www.die-emotionsfotografin.de\/blog\/?page_id=112"},"modified":"2022-07-18T12:04:03","modified_gmt":"2022-07-18T10:04:03","slug":"workshops-fuer-gruppen","status":"publish","type":"page","link":"https:\/\/www.die-emotionsfotografin.com\/blog\/workshops-2\/workshops-fuer-gruppen\/","title":{"rendered":"Workshops f\u00fcr Gruppen"},"content":{"rendered":"<h3>Der Schl\u00fcssel f\u00fcr fotografische Entdeckungen<\/h3>\n<p>Einmal im Monat gehen wir jeweils f\u00fcr ca. <strong>drei Stunden<\/strong> auf Spurensuche. Unter wechselndem Motto begeben wir uns an besonders interessante Schaupl\u00e4tze in M\u00fcnchen und gehen unserem detektivischen Auftrag nach. Achtung: Wir werden auch Ungew\u00f6hnliches unter die Lupe nehmen und den Geheimnissen der Fotografie dicht auf den Fersen sein.<\/p>\n<p>Hier ein kleiner Einblick f\u00fcr die, die es schon lange wissen wollten:<\/p>\n<p><strong>F\u00fcr welche Sp\u00fcrnasen ist der Foto-Workshop gedacht?<\/strong><br \/>\nMenschen, die gerne mit ihrer Kamera auf Entdeckungstour gehen, neugierig auf neue Inspirationen und Blickwinkel sind und die Spa\u00df am Experimentieren haben. Du m\u00f6chtest fotografische Techniken spielerisch erlernen, dich fotografisch weiterentwickeln und mehr aus deinen Fotos machen. Egal mit welcher Ausr\u00fcstung du teilnimmst, ob mit Spiegelreflex-, System-, Bridge- oder Kompaktkamera , du wirst lernen, das Beste aus deiner Kamera herauszuholen.<\/p>\n<p><strong>Welche Vermutungen liegen nahe?<\/strong><br \/>\nDu bekommst neue Inspirationen im Bereich Fotografie und erlebst den &#8222;Wow-Effekt!&#8220; bei den eigenen Bildergebnissen. Dazu erh\u00e4ltst du professionelle Betreuung und Gestaltungstipps. Durch neue Themen lernst du die Fotografie immer besser verstehen. Jede Frage darf gestellt werden!<\/p>\n<p><strong>Was sind die Geheimnisse des Foto-Workshops?<br \/>\n<\/strong>Der Fokus liegt auf dem individuellen Sehen und auf Kreativit\u00e4t &#8211; nicht auf der technischen Perfektion. \u00dcberraschende Locations und unterhaltsame Themen laden dazu ein, das eigene K\u00f6nnen spielerisch zu verbessern. <strong>Kleine Gruppen<\/strong> (max. 4 &#8211; 6 Teilnehmer) erm\u00f6glichen ein <strong>learning by doing<\/strong> mit hohem Spa\u00dffaktor. Die individuelle Betreuung sorgt daf\u00fcr, dass du alle deine fotografischen Fragen beantwortet bekommst. Und zwar so, dass Du wirklich alles verstehst.<\/p>\n<p><strong>Welche Schl\u00fcsse l\u00e4sst das zu?<\/strong><br \/>\nDu wirst erstaunt sein, was in dir und deiner Kamera steckt. Vom besseren Verst\u00e4ndnis der Technik, \u00fcber Kenntnisse in Sachen bewusster Bildgestaltung, abseits von automatischer Bildeinstellung, bis hin zu mehr Spa\u00df am Fotografieren. Deine neuen Bildergebnisse werden dich verbl\u00fcffen!<\/p>\n<p><strong>Kosten: 70 bis 80.- Euro<br \/>\n<\/strong><\/p>\n<p><strong><a href=\"http:\/\/www.die-emotionsfotografin.de\/blog\/termine\/\">Termine<\/a><\/strong><\/p>\n<p><strong><a href=\"http:\/\/www.die-emotionsfotografin.de\/blog\/kontakt\/\">Anmeldung<\/a><\/strong><\/p>\n","protected":false},"excerpt":{"rendered":"<p>Der Schl\u00fcssel f\u00fcr fotografische Entdeckungen Einmal im Monat gehen wir jeweils f\u00fcr ca. drei Stunden auf Spurensuche. Unter wechselndem Motto begeben wir uns an besonders interessante Schaupl\u00e4tze in M\u00fcnchen und [&hellip;]<\/p>\n","protected":false},"author":1,"featured_media":0,"parent":77,"menu_order":0,"comment_status":"closed","ping_status":"closed","template":"","meta":{"footnotes":""},"class_list":["post-112","page","type-page","status-publish","hentry"],"_links":{"self":[{"href":"https:\/\/www.die-emotionsfotografin.com\/blog\/wp-json\/wp\/v2\/pages\/112"}],"collection":[{"href":"https:\/\/www.die-emotionsfotografin.com\/blog\/wp-json\/wp\/v2\/pages"}],"about":[{"href":"https:\/\/www.die-emotionsfotografin.com\/blog\/wp-json\/wp\/v2\/types\/page"}],"author":[{"embeddable":true,"href":"https:\/\/www.die-emotionsfotografin.com\/blog\/wp-json\/wp\/v2\/users\/1"}],"replies":[{"embeddable":true,"href":"https:\/\/www.die-emotionsfotografin.com\/blog\/wp-json\/wp\/v2\/comments?post=112"}],"version-history":[{"count":15,"href":"https:\/\/www.die-emotionsfotografin.com\/blog\/wp-json\/wp\/v2\/pages\/112\/revisions"}],"predecessor-version":[{"id":919,"href":"https:\/\/www.die-emotionsfotografin.com\/blog\/wp-json\/wp\/v2\/pages\/112\/revisions\/919"}],"up":[{"embeddable":true,"href":"https:\/\/www.die-emotionsfotografin.com\/blog\/wp-json\/wp\/v2\/pages\/77"}],"wp:attachment":[{"href":"https:\/\/www.die-emotionsfotografin.com\/blog\/wp-json\/wp\/v2\/media?parent=112"}],"curies":[{"name":"wp","href":"https:\/\/api.w.org\/{rel}","templated":true}]}}

Workshops für Gruppen

<h3>Der Schlüssel für fotografische Entdeckungen</h3>
<p>Einmal im Monat gehen wir jeweils für ca. <strong>drei Stunden</strong> auf Spurensuche. Unter wechselndem Motto begeben wir uns an besonders interessante Schauplätze in München und gehen unserem detektivischen Auftrag nach. Achtung: Wir werden auch Ungewöhnliches unter die Lupe nehmen und den Geheimnissen der Fotografie dicht auf den Fersen sein.</p>
<p>Hier ein kleiner Einblick für die, die es schon lange wissen wollten:</p>
<p><strong>Für welche Spürnasen ist der Foto-Workshop gedacht?</strong><br />
Menschen, die gerne mit ihrer Kamera auf Entdeckungstour gehen, neugierig auf neue Inspirationen und Blickwinkel sind und die Spaß am Experimentieren haben. Du möchtest fotografische Techniken spielerisch erlernen, dich fotografisch weiterentwickeln und mehr aus deinen Fotos machen. Egal mit welcher Ausrüstung du teilnimmst, ob mit Spiegelreflex-, System-, Bridge- oder Kompaktkamera , du wirst lernen, das Beste aus deiner Kamera herauszuholen.</p>
<p><strong>Welche Vermutungen liegen nahe?</strong><br />
Du bekommst neue Inspirationen im Bereich Fotografie und erlebst den &#8222;Wow-Effekt!&#8220; bei den eigenen Bildergebnissen. Dazu erhältst du professionelle Betreuung und Gestaltungstipps. Durch neue Themen lernst du die Fotografie immer besser verstehen. Jede Frage darf gestellt werden!</p>
<p><strong>Was sind die Geheimnisse des Foto-Workshops?<br />
</strong>Der Fokus liegt auf dem individuellen Sehen und auf Kreativität &#8211; nicht auf der technischen Perfektion. Überraschende Locations und unterhaltsame Themen laden dazu ein, das eigene Können spielerisch zu verbessern. <strong>Kleine Gruppen</strong> (max. 4 &#8211; 6 Teilnehmer) ermöglichen ein <strong>learning by doing</strong> mit hohem Spaßfaktor. Die individuelle Betreuung sorgt dafür, dass du alle deine fotografischen Fragen beantwortet bekommst. Und zwar so, dass Du wirklich alles verstehst.</p>
<p><strong>Welche Schlüsse lässt das zu?</strong><br />
Du wirst erstaunt sein, was in dir und deiner Kamera steckt. Vom besseren Verständnis der Technik, über Kenntnisse in Sachen bewusster Bildgestaltung, abseits von automatischer Bildeinstellung, bis hin zu mehr Spaß am Fotografieren. Deine neuen Bildergebnisse werden dich verblüffen!</p>
<p><strong>Kosten: 70 bis 80.- Euro<br />
</strong></p>
<p><strong><a href="http://www.die-emotionsfotografin.de/blog/termine/">Termine</a></strong></p>
<p><strong><a href="http://www.die-emotionsfotografin.de/blog/kontakt/">Anmeldung</a></strong></p>

<p>Der Schlüssel für fotografische Entdeckungen Einmal im Monat gehen wir jeweils für ca. drei Stunden auf Spurensuche. Unter wechselndem Motto begeben wir uns an besonders interessante Schauplätze in München und [&hellip;]</p>
