{"id":106,"date":"2015-07-16T16:06:21","date_gmt":"2015-07-16T14:06:21","guid":{"rendered":"http:\/\/www.die-emotionsfotografin.de\/blog\/?page_id=106"},"modified":"2022-07-18T11:59:09","modified_gmt":"2022-07-18T09:59:09","slug":"die-detektivinnen-chefin","status":"publish","type":"page","link":"https:\/\/www.die-emotionsfotografin.com\/blog\/die-fotodetektivinnen\/die-detektivinnen-chefin\/","title":{"rendered":"Die Meisterdetektivin"},"content":{"rendered":"<p><a href=\"http:\/\/www.die-emotionsfotografin.de\/blog\/wp-content\/uploads\/2015\/07\/Obersp\u00fcrnase.jpg\"><img loading=\"lazy\" decoding=\"async\" class=\" wp-image-258 alignleft\" src=\"http:\/\/www.die-emotionsfotografin.de\/blog\/wp-content\/uploads\/2015\/07\/Obersp\u00fcrnase-300x200.jpg\" alt=\"Die Chefin der Fotodetektivinnen Elisabeth Pfahler-Scharf\" width=\"300\" height=\"200\" srcset=\"https:\/\/www.die-emotionsfotografin.com\/blog\/wp-content\/uploads\/2015\/07\/Obersp\u00fcrnase-300x200.jpg 300w, https:\/\/www.die-emotionsfotografin.com\/blog\/wp-content\/uploads\/2015\/07\/Obersp\u00fcrnase.jpg 850w\" sizes=\"(max-width: 300px) 100vw, 300px\" \/><\/a><\/p>\n<h3>Elisabeth Pfahler-Scharf \u2013 Obersp\u00fcrnase<\/h3>\n<blockquote><p>&#8222;Ich liebe es, kleine, unscheinbare Dinge gro\u00df rauszubringen und den Blick auf die authentische Sch\u00f6nheit des Allt\u00e4glichen zu lenken.&#8220;<\/p><\/blockquote>\n<p>Seit \u00fcber 25 Jahren blicke ich als <a href=\"http:\/\/www.die-emotionsfotografin.de\" target=\"_blank\" rel=\"noopener\">&#8222;Die Emotionsfotografin&#8220;<\/a> durch die Linse und bin immer wieder aufs Neue begeistert von meiner Profession, die sich schnell zur gro\u00dfen Leidenschaft entwickelt hat. Vor allem die nat\u00fcrliche und\u00a0 authentische Portr\u00e4tfotografie liegt mir am Herzen. Aber auch die Natur in ihrer Faszination ist immer wieder Gegenstand meiner fotografischen Streifz\u00fcge. Mach&#8216; Dir ein Bild auf <a href=\"http:\/\/emotionsfotografin.com\/wordpress\/\" target=\"_blank\" rel=\"noopener\">www.emotionsfotografin.com<\/a>.<\/p>\n<h3>Meine Schlussfolgerung: Folgen Sie mir auff\u00e4llig!<\/h3>\n<p>Die Begeisterung f\u00fcr das Fotografieren auch an andere kreative Menschen weiterzugeben hat mich auf die Idee gebracht, mit den &#8222;FotodetektivInnen&#8220;, meinem j\u00fcngsten Projekt, auf Entdeckungstour zu gehen.<\/p>\n<p>Manche Menschen neigen dazu, ihre Kamera lieber im Schrank zu verstecken als mit ihr die Welt zu entdecken, weil sie Scheu vor der Technik haben. Ich m\u00f6chte, dass diese Menschen ihr kreatives Potenzial nicht verstauben lassen, sondern ohne Furcht ans Fotografieren herangehen. Fragen zu allen technischen Details sind bei mir ausdr\u00fccklich erlaubt, und niemand muss sich deswegen blamieren.<\/p>\n<h3>Ziel meiner Ermittlungen: Das Verborgene ans Tageslicht bringen<\/h3>\n<blockquote><p>&#8222;Es geht nicht darum, technisch \u00fcberperfektionierte Fotos entstehen zu lassen, sondern Bilder mit Seele&#8220;.<\/p><\/blockquote>\n<p>Mein Schwerpunkt liegt auf dem Sehen, auf dem Blick f\u00fcr die Dinge, f\u00fcr ungew\u00f6hnliche Motive und Details. Die Technik ist nur Mittel zum Zweck. Das Fotografieren wird so zur kreativen &#8222;Auszeit&#8220; in unserer reiz\u00fcberfluteten Welt.<\/p>\n<h3>Geh&#8216; mir ins Netz<\/h3>\n<p>Gerade im Austausch mit Anderen kann man v\u00f6llig neue Wege entdecken. Die FotodetektivInnen sind f\u00fcr mich deshalb auch eine hervorragende Netzwerkplattform f\u00fcr Frauen, die sich ein gemeinsames Hobby teilen und sich mit ihren unterschiedlichen Sichtweisen bereichern.<\/p>\n","protected":false},"excerpt":{"rendered":"<p>Elisabeth Pfahler-Scharf \u2013 Obersp\u00fcrnase &#8222;Ich liebe es, kleine, unscheinbare Dinge gro\u00df rauszubringen und den Blick auf die authentische Sch\u00f6nheit des Allt\u00e4glichen zu lenken.&#8220; Seit \u00fcber 25 Jahren blicke ich als [&hellip;]<\/p>\n","protected":false},"author":1,"featured_media":0,"parent":75,"menu_order":0,"comment_status":"closed","ping_status":"closed","template":"","meta":{"footnotes":""},"class_list":["post-106","page","type-page","status-publish","hentry"],"_links":{"self":[{"href":"https:\/\/www.die-emotionsfotografin.com\/blog\/wp-json\/wp\/v2\/pages\/106"}],"collection":[{"href":"https:\/\/www.die-emotionsfotografin.com\/blog\/wp-json\/wp\/v2\/pages"}],"about":[{"href":"https:\/\/www.die-emotionsfotografin.com\/blog\/wp-json\/wp\/v2\/types\/page"}],"author":[{"embeddable":true,"href":"https:\/\/www.die-emotionsfotografin.com\/blog\/wp-json\/wp\/v2\/users\/1"}],"replies":[{"embeddable":true,"href":"https:\/\/www.die-emotionsfotografin.com\/blog\/wp-json\/wp\/v2\/comments?post=106"}],"version-history":[{"count":19,"href":"https:\/\/www.die-emotionsfotografin.com\/blog\/wp-json\/wp\/v2\/pages\/106\/revisions"}],"predecessor-version":[{"id":915,"href":"https:\/\/www.die-emotionsfotografin.com\/blog\/wp-json\/wp\/v2\/pages\/106\/revisions\/915"}],"up":[{"embeddable":true,"href":"https:\/\/www.die-emotionsfotografin.com\/blog\/wp-json\/wp\/v2\/pages\/75"}],"wp:attachment":[{"href":"https:\/\/www.die-emotionsfotografin.com\/blog\/wp-json\/wp\/v2\/media?parent=106"}],"curies":[{"name":"wp","href":"https:\/\/api.w.org\/{rel}","templated":true}]}}

<p><a href="http://www.die-emotionsfotografin.de/blog/wp-content/uploads/2015/07/Oberspürnase.jpg"><img loading="lazy" decoding="async" class=" wp-image-258 alignleft" src="http://www.die-emotionsfotografin.de/blog/wp-content/uploads/2015/07/Oberspürnase-300x200.jpg" alt="Die Chefin der Fotodetektivinnen Elisabeth Pfahler-Scharf" width="300" height="200" srcset="https://www.die-emotionsfotografin.com/blog/wp-content/uploads/2015/07/Oberspürnase-300x200.jpg 300w, https://www.die-emotionsfotografin.com/blog/wp-content/uploads/2015/07/Oberspürnase.jpg 850w" sizes="(max-width: 300px) 100vw, 300px" /></a></p>
<h3>Elisabeth Pfahler-Scharf – Oberspürnase</h3>
<blockquote><p>&#8222;Ich liebe es, kleine, unscheinbare Dinge groß rauszubringen und den Blick auf die authentische Schönheit des Alltäglichen zu lenken.&#8220;</p></blockquote>
<p>Seit über 25 Jahren blicke ich als <a href="http://www.die-emotionsfotografin.de" target="_blank" rel="noopener">&#8222;Die Emotionsfotografin&#8220;</a> durch die Linse und bin immer wieder aufs Neue begeistert von meiner Profession, die sich schnell zur großen Leidenschaft entwickelt hat. Vor allem die natürliche und  authentische Porträtfotografie liegt mir am Herzen. Aber auch die Natur in ihrer Faszination ist immer wieder Gegenstand meiner fotografischen Streifzüge. Mach&#8216; Dir ein Bild auf <a href="http://emotionsfotografin.com/wordpress/" target="_blank" rel="noopener">www.emotionsfotografin.com</a>.</p>
<h3>Meine Schlussfolgerung: Folgen Sie mir auffällig!</h3>
<p>Die Begeisterung für das Fotografieren auch an andere kreative Menschen weiterzugeben hat mich auf die Idee gebracht, mit den &#8222;FotodetektivInnen&#8220;, meinem jüngsten Projekt, auf Entdeckungstour zu gehen.</p>
<p>Manche Menschen neigen dazu, ihre Kamera lieber im Schrank zu verstecken als mit ihr die Welt zu entdecken, weil sie Scheu vor der Technik haben. Ich möchte, dass diese Menschen ihr kreatives Potenzial nicht verstauben lassen, sondern ohne Furcht ans Fotografieren herangehen. Fragen zu allen technischen Details sind bei mir ausdrücklich erlaubt, und niemand muss sich deswegen blamieren.</p>
<h3>Ziel meiner Ermittlungen: Das Verborgene ans Tageslicht bringen</h3>
<blockquote><p>&#8222;Es geht nicht darum, technisch überperfektionierte Fotos entstehen zu lassen, sondern Bilder mit Seele&#8220;.</p></blockquote>
<p>Mein Schwerpunkt liegt auf dem Sehen, auf dem Blick für die Dinge, für ungewöhnliche Motive und Details. Die Technik ist nur Mittel zum Zweck. Das Fotografieren wird so zur kreativen &#8222;Auszeit&#8220; in unserer reizüberfluteten Welt.</p>
<h3>Geh&#8216; mir ins Netz</h3>
<p>Gerade im Austausch mit Anderen kann man völlig neue Wege entdecken. Die FotodetektivInnen sind für mich deshalb auch eine hervorragende Netzwerkplattform für Frauen, die sich ein gemeinsames Hobby teilen und sich mit ihren unterschiedlichen Sichtweisen bereichern.</p>

<p>Elisabeth Pfahler-Scharf – Oberspürnase &#8222;Ich liebe es, kleine, unscheinbare Dinge groß rauszubringen und den Blick auf die authentische Schönheit des Alltäglichen zu lenken.&#8220; Seit über 25 Jahren blicke ich als [&hellip;]</p>
